est common factor of 288 and 120.
24
What is the highest common divisor of 5 and 205?
5
Calculate the greatest common factor of 64 and 104576.
64
Calculate the highest common divisor of 1554 and 28.
14
Calculate the highest common factor of 1139 and 17.
17
Calculate the greatest common divisor of 32706 and 69.
69
Calculate the highest common divisor of 273 and 13.
13
Calculate the greatest common factor of 38 and 3078.
38
Calculate the highest common divisor of 112 and 35.
7
What is the highest common factor of 21 and 112?
7
What is the highest common divisor of 39 and 2847?
39
What is the highest common factor of 9 and 1413?
9
What is the highest common divisor of 55 and 95?
5
What is the greatest common divisor of 165 and 135?
15
What is the greatest common divisor of 2013 and 99?
33
What is the greatest common factor of 7 and 2?
1
Calculate the highest common factor of 14 and 7.
7
What is the highest common factor of 19 and 9937?
19
What is the greatest common factor of 771 and 12?
3
Calculate the highest common divisor of 303 and 87.
3
Calculate the highest common divisor of 15914 and 218.
218
What is the highest common factor of 8 and 54?
2
Calculate the greatest common divisor of 5 and 355.
5
Calculate the greatest common factor of 62 and 8308.
62
Calculate the greatest common divisor of 57 and 114.
57
What is the greatest common factor of 153 and 1122?
51
Calculate the greatest common factor of 1038 and 173.
173
Calculate the greatest common factor of 416 and 96.
32
What is the greatest common divisor of 221 and 74477?
221
What is the highest common factor of 63 and 2688?
21
Calculate the highest common divisor of 8322 and 19.
19
What is the greatest common factor of 72 and 192?
24
Calculate the highest common divisor of 920 and 46.
46
Calculate the highest common factor of 585 and 90.
45
Calculate the highest common divisor of 65 and 260.
65
What is the highest common divisor of 70 and 1904?
14
Calculate the highest common factor of 28 and 4.
4
What is the highest common factor of 3 and 12?
3
What is the highest common factor of 340 and 40?
20
Calculate the highest common factor of 336 and 3150.
42
Calculate the highest common factor of 2021 and 86.
43
What is the highest common factor of 224 and 98?
14
Calculate the highest common factor of 319 and 4379.
29
What is the highest common factor of 64 and 26336?
32
Calculate the greatest common divisor of 19418 and 266.
266
What is the highest common divisor of 1564 and 46?
46
What is the greatest common divisor of 107 and 1712?
107
Calculate the greatest common divisor of 56 and 3416.
56
What is the highest common factor of 117 and 2847?
39
Calculate the greatest common factor of 336 and 42.
42
Calculate the greatest common factor of 12141 and 213.
213
What is the highest common divisor of 17 and 4301?
17
Calculate the greatest common factor of 102 and 8313.
51
Calculate the greatest common divisor of 850 and 250.
50
Calculate the highest common divisor of 90 and 315.
45
What is the greatest common factor of 114 and 48?
6
What is the highest common factor of 1225 and 49?
49
What is the highest common factor of 2352 and 144?
48
Calculate the greatest common divisor of 108 and 12.
12
What is the greatest common divisor of 200 and 56?
8
Calculate the greatest common divisor of 15 and 10785.
15
Calculate the greatest common divisor of 4 and 92.
4
What is the greatest common factor of 546 and 42?
42
What is the greatest common factor of 32 and 104?
8
Calculate the highest common factor of 1962 and 36.
18
Calculate the highest common divisor of 55 and 35.
5
What is the highest common divisor of 4704 and 7938?
294
Calculate the highest common divisor of 348 and 319.
29
Calculate the highest common factor of 8 and 4072.
8
What is the highest common divisor of 105 and 2289?
21
What is the highest common factor of 555 and 1221?
111
What is the greatest common divisor of 2646 and 21?
21
Calculate the greatest common factor of 371 and 7.
7
What is the greatest common factor of 2870 and 42?
14
What is the greatest common factor of 928 and 256?
32
What is the highest common divisor of 5278 and 58?
58
What is the highest common divisor of 9 and 14949?
9
Calculate the highest common divisor of 32 and 2.
2
Calculate the highest common factor of 152 and 6232.
152
Calculate the highest common divisor of 68 and 12954.
34
What is the highest common factor of 27 and 1404?
27
What is the greatest common factor of 50 and 325?
25
What is the greatest common divisor of 143 and 689?
13
What is the highest common factor of 784 and 4312?
392
Calculate the greatest common divisor of 544 and 1258.
34
What is the greatest common factor of 4125 and 132?
33
Calculate the greatest common factor of 24 and 390.
6
Calculate the greatest common factor of 32 and 544.
32
What is the greatest common divisor of 198 and 176?
22
Calculate the highest common divisor of 24 and 6240.
24
Calculate the highest common divisor of 25 and 40.
5
What is the highest common factor of 40 and 180?
20
Calculate the highest common divisor of 4488 and 704.
88
What is the highest common factor of 1722 and 105?
21
Calculate the highest common divisor of 261 and 18.
9
Calculate the highest common factor of 129 and 75.
3
What is the greatest common divisor of 28 and 9968?
28
Calculate the greatest common factor of 17 and 136.
17
What is the greatest common divisor of 143 and 923?
13
Calculate the highest common divisor of 5907 and 99.
33
What is the greatest common divisor of 1610 and 70?
70
Calculate the highest common divisor of 132 and 10428.
132
Calculate the greatest common divisor of 25721 and 178.
89
What is the greatest common divisor of 5136 and 192?
48
What is the greatest common factor of 132 and 33?
33
Calculate the greatest common divisor of 14 and 350.
14
What is the highest common divisor of 1280 and 280?
40
What is the highest common factor of 59 and 531?
59
Calculate the greatest common divisor of 1415 and 35.
5
Calculate the highest common factor of 63 and 351.
9
What is the greatest common divisor of 12 and 3764?
4
What is the highest common divisor of 34 and 153?
17
Calculate the highest common factor of 6201 and 351.
117
Calculate the highest common divisor of 513 and 38.
19
Calculate the greatest common divisor of 11 and 22.
11
What is the greatest common divisor of 407 and 74?
37
Calculate the highest common divisor of 20583 and 18.
9
Calculate the greatest common divisor of 1005 and 60.
15
What is the greatest common factor of 322 and 14?
14
What is the greatest common divisor of 72 and 2124?
36
What is the highest common divisor of 17 and 2?
1
What is the highest common factor of 142 and 16?
2
What is the highest common factor of 74 and 111?
37
Calculate the greatest common factor of 55 and 22.
11
What is the greatest common divisor of 1738 and 11?
11
What is the highest common factor of 2021 and 215?
43
What is the highest common factor of 85 and 655?
5
Calculate the highest common factor of 40 and 1000.
40
Calculate the highest common divisor of 35 and 55.
5
Calculate the greatest common divisor of 124 and 17670.
62
Calculate the highest common factor of 31 and 248.
31
Calculate the greatest common divisor of 89 and 74226.
89
What is the greatest common divisor of 215 and 7009?
43
Calculate the greatest common factor of 138 and 1449.
69
Calculate the highest common divisor of 22 and 5346.
22
What is the greatest common factor of 18 and 18225?
9
Calculate the greatest common divisor of 168 and 546.
42
What is the highest common factor of 183 and 3?
3
Calculate the greatest common factor of 42 and 448.
14
Calculate the greatest common factor of 40 and 72.
8
What is the highest common divisor of 819 and 1001?
91
What is the highest common factor of 702 and 108?
54
What is the greatest common divisor of 700 and 182?
14
What is the greatest common factor of 64 and 416?
32
What is the highest common divisor of 64 and 352?
32
What is the highest common factor of 259 and 481?
37
What is the highest common factor of 26 and 416?
26
Calculate the greatest common divisor of 52 and 9412.
52
Calculate the greatest common divisor of 25 and 16.
1
What is the greatest common divisor of 108 and 4203?
9
What is the greatest common factor of